).
-5
Let j(t) = -1 - t**2 - 9*t + 2*t + 9. Determine j(-6).
14
Let r = 7 + -1. Let w = -7 + r. Let m(y) = -5*y**3 + y**2 + y. Give m(w).
5
Let r(q) be the third derivative of -q**4/24 - 2*q**3/3 + q**2. Let n(m) = -m**2 + 10*m - 6. Let s be (1 - 3) + 4*3. Let a be n(s). Give r(a).
2
Let w be -1 + 8 - 1*3. Suppose -k + 3*t + 8 = w*t, -2*t = -8. Let c(p) = -p - 1. Calculate c(k).
-5
Let h(a) be the first derivative of -a**3/3 - a**2 - 2*a + 1. Suppose 4*l + 0 = -8. Let z be 20/(-6) - l/6. What is h(z)?
-5
Let l(t) be the first derivative of -t**4/4 + t**3 + 4*t - 18. Calculate l(3).
4
Let k(q) be the third derivative of -q**5/60 - q**4/24 + q**3/3 - 6*q**2. What is k(-2)?
0
Let t(c) be the first derivative of c**3/3 + 2*c**2 - 6*c + 9. Calculate t(-6).
6
Suppose 2*j + 2*j - 10 = 2*b, -3*b - 3*j = -12. Suppose -5*m + 0*m = 0. Let o = m + b. Let l(k) = -5*k + 1. Give l(o).
-4
Let m be (-22)/6 + 8/(-24). Let j(x) = -2*x - 6. Calculate j(m).
2
Let v = -22 - -16. Let i(k) = -k**2 - 5*k - 3. Determine i(v).
-9
Let v(k) = 16*k - 1. Let w(o) = o. Let j(m) = v(m) + 5*w(m). Let f be j(1). Suppose -f = 5*i - 2*n, n = 2*i - 6 + 15. Let g(b) = -b**2 - b + 1. What is g(i)?
-1
Let y = 43 - 44. Let a(t) = 4*t**2 - 2*t - 1. Determine a(y).
5
Let u(r) = 4*r**3 - 6*r**2 + 7*r + 1. Let d(z) = z**3 + z - 1. Let g(k) = -5*d(k) + u(k). Let p = 52 + -58. Give g(p).
-6
Let u(b) = b**3 - b**2 - b - 1. Let l(t) = 4*t**3 - 8*t**2 - 2*t - 1. Let i(d) = -l(d) + 5*u(d). What is i(-3)?
5
Let d(x) = -x**3 + 6*x + 1. Let n(r) = -r**2 + r. Let a = 2 + 1. Let u(y) = a*n(y) - d(y). Suppose -48*f + 54*f - 24 = 0. What is u(f)?
3
Let l(r) be the third derivative of -r**4/24 - 2*r**3/3 - 2*r**2 - 48. Let z = -1 + -2. Give l(z).
-1
Let o(p) be the first derivative of 2*p**3/3 - 5*p**2/2 - 2*p - 45. Calculate o(4).
10
Let o(u) be the first derivative of -u**2/2 - 12. Determine o(-2).
2
Let w(t) be the third derivative of -t**6/120 - t**5/60 + t**4/8 + t**3/2 - 13*t**2. Suppose -3*x - 6 = -0*x. Determine w(x).
1
Let t(y) = -y**3 + 4*y**2 + 4*y + 4. Suppose 2*k = -3*k + 15. Suppose 4*a = 5*u - 25, k*u + u - 20 = 2*a. Give t(u).
-1
Let n(k) be the second derivative of -k**4/12 - k**3/3 + 28*k. Give n(-2).
0
Let p(i) = i**3 - 6*i**2 + 2*i + 4. Let z(r) = -r**3 + 3*r**2 + 7*r - 6. Let b be z(4). Give p(b).
16
Suppose 4*r = -r - 30. Suppose -2*d + 5*v = 6, 8 + 2 = 2*d + 3*v. Let y(n) = 4 - 2*n**2 - 5*n + d*n**2 + 2*n**2 - 3*n**2. Give y(r).
-2
Let r(n) be the second derivative of -n**5/20 + n**4/12 + n**3/6 + n**2/2 + 13*n. What is r(-2)?
11
Let h(r) = r - 2. Let v(g) = 5*g - g - 3*g - 3*g**3 + 1 - g**2. Suppose 2*f + 1 = 5, 0 = -l + 3*f - 7. Let i be v(l). Calculate h(i).
0
Let b(l) = l**2 - 4*l + 2. Let x be b(4). Suppose 5 - 14 = 5*f - p, -4*f - 3*p = 11. Let u = f - x. Let j(q) = -2*q**2 - 5*q + 2. Give j(u).
-10
Let l(x) = x - 2. Let i be l(2). Let r(t) be the second derivative of t**2 - 1/3*t**3 + t + i. What is r(3)?
-4
Let u(d) = 11*d**2 + 2*d - 4. Let j(t) = 5*t**2 + t - 2. Let l(q) = -9*j(q) + 4*u(q). Let b(v) = -v**2 - v + 2. Let s(a) = -5*b(a) + 6*l(a). Give s(0).
2
Let b(t) = -3*t. Let n = 13 - 9. Let r(a) = -2*a - 8. Let o be r(-6). Suppose -2*p + 20 = -n*f, 2*p = -o*f + 6*p - 28. Determine b(f).
9
Suppose 2*c - 3*c = 4. Let v(w) be the second derivative of -1/3*w**3 - w**2 + 2*w + 0. Calculate v(c).
6
Let f be -3 - -1 - (-31 + -1). Suppose -d = 4*d + f. Let n(k) = k**2 + 5*k - 2. Give n(d).
4
Let s be 8/(-3)*(2 - -1). Let x(k) = -k - 3. Let i(u) = 1. Let t(r) = 6*i(r) - x(r). Let l be t(s). Let b(p) = -8*p**3 - p + 1. Determine b(l).
-8
Let i(l) = -33*l - l**2 - 27*l - 8 + 4 + 54*l. Calculate i(-6).
-4
Let p = -4 - -8. Let a = -8 - -14. Let t be p/a*(-6)/(-4). Let n(x) = 3*x**2 - 1. Determine n(t).
2
Let n(s) = -s - 3. Let y(m) = -m**2 + m - 9. Let b be y(0). Let t be n(b). Let r(z) = -z**2 + 7*z - 5. Calculate r(t).
1
Let p = -1 + 2. Let l(z) = 1 - 2 - 5*z - p + z - z**2. Give l(-5).
-7
Let x(b) = 6*b**2 + 3*b + 1. Let u(v) = -12*v**2 - 7*v - 2. Let p(q) = 4*u(q) + 9*x(q). Suppose 5*d - 3*y - 8 = 0, 4*d - 3 = -2*y + y. Calculate p(d).
6
Let n(j) = -j**3 - 5*j**2 - 5*j + 3. Let m be ((-4)/1 - -5) + (2 - 7). Determine n(m).
7
Let r(x) be the third derivative of x**6/120 + 11*x**5/60 + 3*x**4/8 - 13*x**3/6 - 4*x**2. Let i be r(-10). Let k(f) = f**2 + f - 2. Give k(i).
4
Let k(y) = 6*y - y**2 - 4*y + 3 + 0*y. Suppose 3*b = d + d + 4, -d = -b + 3. Determine k(b).
-5
Let s be (-3 - 1)/((-16)/28). Let i(h) = h**3 - 7*h**2 - h + 6. Determine i(s).
-1
Suppose 2*s = -3*s - 15. Let b = s + 3. Let p(x) = 3*x - 4*x**2 - 2*x - 4*x**2 + b*x**2. Determine p(-1).
-9
Let r(p) = -p**2 - 9*p - 10. Let f be r(-7). Let w(m) = -f - m - 4*m + 6. Give w(2).
-8
Let w be (-3 - 3/(-3)) + 2. Suppose w + 27 = 2*f + 5*c, 5*f - 4*c = -15. Let u(t) = -3*t - 1. Calculate u(f).
-4
Let v(b) be the first derivative of 0*b**3 - b - 1/12*b**4 + 0*b**2 - 3/20*b**5 - 3. Let o(m) be the first derivative of v(m). What is o(-1)?
2
Suppose 3*o + 4*g + 3 = -8, 3*o + 5*g + 16 = 0. Let w be 1/(3/45*o). Let d(n) = n**3 - 6*n**2 + 6*n + 1. Give d(w).
6
Let n(f) be the first derivative of -f**4/4 + 5*f**3/3 + 2*f**2 + 7*f + 3. Determine n(6).
-5
Let x be ((-6)/(-4) + -1)*6. Let y(z) = -4*z**2 - z - 3*z**3 + 5*z**3 - x + 5 - 3*z**3. Determine y(-4).
6
Let f(w) = 2*w + 19 - 20 + 8. Calculate f(-5).
-3
Let m(v) = 2*v - 6. Suppose -6*d - 2*l - 1 = -d, -4*d + l + 7 = 0. Suppose s - d = 2*b - 0*b, -s = 3*b - 1. Let u = 5 - s. Give m(u).
2
Let a(p) = -p**3 + 3*p - 1. Let f be a(2). Let n(i) = -i**3 - 3*i**2 - i + 1. Give n(f).
4
Let k(d) be the first derivative of -d**3/3 + 2*d**2 + d + 5. Give k(5).
-4
Let z(f) = -f**2 + f + 3. Let y(h) = -h**2 + 6*h - 2. Let w be y(3). Let a be (w/21)/((-2)/(-18)). Calculate z(a).
-3
Let b(s) = s**3 + 4*s**2 - 5*s + 2. Let w be b(-5). Let v(r) = -4 + w*r**2 - 5*r + 3*r + 6*r - 3*r**2. What is v(3)?
-1
Suppose 0 = -2*k - p - p, 0 = -3*k + 5*p. Let s(w) = k - 3*w - 6 + 1 - w**3 + 6*w**2. Calculate s(5).
5
Let l(q) = q**2 + 7*q - 5. Let k = -16 - -10. Let n be l(k). Let g = n - -16. Let s(j) = -j - 1. What is s(g)?
-6
Let f(u) be the second derivative of -3/2*u**2 + 0 + 1/6*u**3 - u. Let s be 2 - 1*6/(-2). Give f(s).
2
Suppose d = 4*k + 5, 4*k + 13 = -3*d + 2*k. Let a(c) be the first derivative of -c**3/3 - 3*c + 3. Determine a(d).
-12
Let a(v) = -v**3 + 5*v**2 - v + 6. Let n(g) = -g**3 + 10*g**2 - 9*g + 1. Let r be n(9). Let y be r - 6*(-4)/6. Determine a(y).
1
Let w(q) be the first derivative of -q**2 - 4*q + 18. Give w(-3).
2
Let r(d) = -15*d - 6. Let b(h) = -3*h - 1. Let t(n) = 11*b(n) - 2*r(n). Let w = -15 - -14. Calculate t(w).
4
Let g(n) be the second derivative of 0*n**2 + 0 + 3/2*n**3 + 5*n. What is g(1)?
9
Let m be (-4)/(-18) - (-64)/36. Let d(t) = 3*t + 3*t - 5*t + t**2 - 2*t. Give d(m).
2
Let u(s) = -s**2 + s**2 + 3 + s**2 - 5*s - 6. Suppose -5*t = -21 - 9. Let p be u(t). Let m(k) = -2*k + 3. Determine m(p).
-3
Let c(l) be the second derivative of 0 - 1/2*l**2 + 1/6*l**3 + 1/30*l**5 + 1/12*l**4 + 2*l. Let r(k) be the first derivative of c(k). Calculate r(-1).
1
Let h(q) = q**2 - 2*q + 28. Let t(z) = -3*z**2 + 5*z - 83. Let o(b) = -8*h(b) - 3*t(b). Calculate o(0).
25
Suppose 0 = -s - 10 - 0. Let j be ((-4)/s)/(4/(-40)). Let o be (-4 - -2 - j) + -4. Let n(z) = -2*z - 3. Determine n(o).
1
Let a be (-1)/3*-7*3. Suppose 5*m - a = 13. Let q(w) = 5*w**2 + 4*w - 5 - 4*w**2 - 2*w**2. Give q(m).
-5
Suppose 16 - 6 = 5*d. Let b(i) be the first derivative of 1/2*i**d - 2 + 0*i. Calculate b(-2).
-2
Suppose -2*j + 8 = -2*x, 0*j = 2*j + x - 8. Let c(b) = -b**2 + 3*b**2 + 2 - 3*b**2 - j*b. Give c(-5).
-3
Let k(c) = -3*c + 6. Suppose 7*f = 3*f - 8. Let h be (-5)/15*24/f. What is k(h)?
-6
Let i = 235 - 233. Let t(z) = 4*z - 2. Let y(l) = 1. Let q(a) = t(a) + 2*y(a). Give q(i).
8
Let j(y) = -4*y**3 + y**2. Suppose -v + 13 = -2*h, 0*v - 4*v + 4*h + 36 = 0. Suppose 20 = -5*d, -5*w - 16 = -w + v*d. What is j(w)?
-3
Suppose h + h - 4*l = 0, 3*h + 3*l - 18 = 0. Let o(z) = -3*z + 3. Let b(m) = 4*m - 5. Let j(y) = -4*b(y) - 5*o(y). Calculate j(h).
1
Let j(l) be the first derivative of l**4/4 + 4*l**3/3 + l**2 + 3*l - 2. Suppose 2 = o - 6. Suppose 3*q + o = q. Calculate j(q).
-5
Let u(s) be the second derivativ